 Suppose -k = -5*z + 64, 3*z + 5*k - 42 = t*k. What is the units digit of z?
3
Suppose 15*p + 81 + 114 = 0. Let f(a) = -a + 15. What is the units digit of f(p)?
8
Let o be (-1 - (-4 - -3)) + 4. What is the units digit of 48 - 0*(o + -5)?
8
Suppose -2*l = 3*g + 3, 1 = -4*l - 2*g - 1. Let n(a) = a**3 + 2*a + 8. What is the units digit of n(l)?
8
Let g(w) = -w**2 - 6*w - 5. Let h be g(-4). Suppose h*x + 30 - 288 = 0. Let z = -43 + x. What is the tens digit of z?
4
Let h(x) = x**3 - 8*x**2 - 9*x - 11. Suppose -8 = 4*z - 44. Let u be h(z). Let r = u - -24. What is the units digit of r?
3
Let w = -1299 - -3338. What is the thousands digit of w?
2
Let f = -6 - -8. Let u(j) = 6*j**2 - 5 + 0*j**2 - j**f + 3*j**2 - j**3 - 7*j. What is the units digit of u(6)?
5
Let u(h) = 23*h**2 + 14*h - 3. Let b(i) = -8*i**2 - 5*i + 1. Let y(r) = 11*b(r) + 4*u(r). Let z be 18/3*(-1)/2. What is the tens digit of y(z)?
3
Let k(u) = 17*u + 18. Let q(s) = 8*s + 9. Let l(c) = 2*k(c) - 5*q(c). What is the units digit of l(-6)?
7
Suppose 3*h - h + 3*i = 1631, i = 1. What is the tens digit of h?
1
Let y(a) = 115*a - 580. What is the tens digit of y(12)?
0
Let d = 4 + -43. What is the tens digit of (-1807)/d + (-1)/3?
4
Suppose 3*n = -2*j - 3*j + 20, n = -5*j + 20. Suppose n = l - 51 - 14. What is the units digit of l?
5
Suppose -4*q = 65 + 171. Let p = 113 + q. What is the units digit of p?
4
Suppose -18750 = -6*n - 9*n. What is the units digit of n?
0
Suppose -11*f + 15132 = f. What is the tens digit of f?
6
Suppose -4*f + 0*k - 1004 = 4*k, -5*f - 1215 = -3*k. What is the tens digit of (f/15)/(3/(-15))?
8
Let v(o) be the first derivative of -o**3/3 - 10*o**2 - 9*o + 13. What is the units digit of v(-8)?
7
Let f(z) = -z**3 - 10*z**2 + 7*z + 12. What is the thousands digit of f(-17)?
1
Let m(y) = y**2 + 7*y + 1. Let u be m(-7). Suppose l - 2*o = 6, -5*o - 6 = -u. What is the units digit of l?
4
Let j(s) = 2*s**3 - s. Let v be j(1). Let o be v + 3 - (-276 + -6). What is the units digit of (-9)/21 - o/(-14)?
0
Let k(n) be the second derivative of n**5/20 - 3*n**4/4 - 11*n**3/6 + 11*n**2/2 + 2*n. Let p be k(10). What is the units digit of 2*(3 - p) + 3?
7
Suppose 0 = -16*s + 864 + 1296. What is the hundreds digit of s?
1
Let f be -3 - -1*(10 - -3). Suppose -10 = 5*p + f. What is the units digit of (-12)/p - (-3 - 8)?
4
Suppose r + 2*r = 5*j - 154, 0 = 3*j + 4*r - 75. Let q = j + 38. What is the units digit of q?
7
Let y(r) = -6*r. Let z(v) = 12*v + 1. Let p(o) = -5*y(o) - 3*z(o). Let x be p(-3). What is the units digit of 355/x - 2/(-6)?
4
Suppose 5*w = 5*s + 3065, 3*w - 1831 = -s - 4*s. Suppose -u + w = 2*g, -3*u + 0*u = 12. What is the hundreds digit of g?
3
Let r = 1221 + -614. What is the units digit of r?
7
Let b(w) = -w**2 + 8*w - 12. Let a be b(9). Let d = a - -22. What is the units digit of 12*d/(4/13)?
9
Suppose 11 = 2*y - 81. Suppose 1480 = 6*o + y. What is the hundreds digit of o?
2
Suppose 5*p + 3*q + 3 = -11, 0 = p - 3*q - 8. What is the tens digit of (p/(-3))/((-4)/(-708))?
5
Let k(v) = 21*v + 31. Let s(r) = -44*r - 63. Let u(f) = -13*k(f) - 6*s(f). What is the tens digit of u(-9)?
5
Suppose 0 = -4*g - 10*f + 5*f, -g - 4*f = 0. Suppose -2*t + 0*t + 6 = g. Let y = 13 + t. What is the tens digit of y?
1
Let j(v) = -10*v + 1. Let n be j(1). Let b = 4 - n. Suppose g - b = 5. What is the units digit of g?
8
Suppose 0 = 14*j - 19*j - 10. What is the units digit of 6*((-19)/j + 4)?
1
Let t(m) = 7*m**2 + 2*m + 1. Let j be t(-1). Suppose a = -2*w + j*a + 23, a - 1 = -w. What is the units digit of 153/6 - (-6)/w?
7
Let k(u) = u + 3. Let n(q) = -q - 3. Let x(v) = -5*k(v) - 4*n(v). Let c be x(-7). Suppose -c*j = -9 + 1. What is the units digit of j?
2
Let k(l) be the second derivative of -l**3/2 - 3*l**2 - 34*l. Let r(z) = 2*z - 3. Let n be r(-3). What is the tens digit of k(n)?
2
What is the tens digit of (835 - (-5 + 7)) + (1 - -3)?
3
Let f be (-1)/7 + 2817/21. Let w = f - 77. What is the units digit of w?
7
Let c(r) = 4*r**2 + 109*r + 73. What is the hundreds digit of c(-41)?
3
Let y(w) = -6*w - 6. Let z be y(-5). Let p = z - -32. What is the units digit of 1128/p - 2/14?
0
Let q(o) be the first derivative of o**6/360 + o**5/40 - o**4/8 - 5*o**3/3 + 12. Let l(k) be the third derivative of q(k). What is the units digit of l(-8)?
7
Suppose -r + 1877 = 2*k, 0 = -3*k + r + 1725 + 1088. Suppose -7*c + k + 154 = 0. What is the hundreds digit of c?
1
Let h be (-1)/((-2)/6) - -98. What is the units digit of 2/4 - h/(-2)?
1
Let a(h) = -29*h - 8. Let z(t) = t + 1. Let c(y) = -y - 2. Let l(i) = 2*c(i) + 3*z(i). Let n(x) = a(x) - 6*l(x). What is the units digit of n(-1)?
3
Suppose 10*w - 19350 = 4*w. What is the units digit of w?
5
Let b(g) = g**3 - 7*g**2 + 3*g + 9. Let a be b(5). What is the units digit of -4 - (-3)/(-6)*a?
9
Let v be (-3)/(-5) - (-18)/(-30). Suppose v = -3*s - 27 + 3. What is the units digit of (27 - s)*(-8)/(-10)?
8
Let t(d) = -5*d + 7. Let h be t(9). Let g be (1 + 1)*h/(-4). Let f = 39 - g. What is the units digit of f?
0
Let w = 487 - 95. What is the tens digit of w?
9
Let h be (0 - -268)/((-7)/(-14)). Suppose 0 = -0*p + 8*p - h. Let t = -42 + p. What is the tens digit of t?
2
Suppose 4 = -5*r + f, 3*r = -2*f - f + 12. Suppose r = u - 4*a - 9, u - 2*a = 6*u + 21. What is the units digit of -2*(-3 - -15)/u?
8
Suppose -4*k = -3*a - 34, -2*k = -5*a + a - 12. Suppose 0*f = k*f - 290. What is the tens digit of f?
2
Let b(w) = -6*w + 18. Let x be b(3). Suppose l + x = 61. What is the units digit of l?
1
What is the thousands digit of (-3 + 6081)*4/12?
2
Let g(b) = b**3 + 7*b**2 + 4. Let v be 75/(-11) - (-12)/(-66). Let r be g(v). Suppose 12 = -r*p + 5*s, s + 16 = 5*s. What is the units digit of p?
2
Let w = 4 + 18. Suppose -3*q = c + 5 - w, 2*q = c - 2. Suppose c*s - 5*s = 18. What is the units digit of s?
6
Suppose 0 = 88*m - 84*m - 5*f - 7185, 3*m = -4*f + 5412. What is the tens digit of m?
0
Let s = -460 - -1260. What is the hundreds digit of s?
8
Suppose -222 = o + 5*v, -2*v + 151 = -o - 92. Let c = -151 - o. What is the units digit of c?
6
Let z = -51 - -138. Suppose 0 = 4*x - 65 - z. What is the tens digit of x?
3
What is the tens digit of 101160/(-80)*4/(-6)?
4
Suppose -5*x - 905 = -10*x. What is the units digit of x?
1
Suppose 0 = -6*h + 86 - 212. Let n = h + 46. What is the units digit of n?
5
Suppose 0 = -28*c + 5*c + 92. Suppose 5*v + 2*a - 1080 = 3*a, -4*v + 848 = -c*a. What is the hundreds digit of v?
2
What is the tens digit of ((-3)/(-9))/((0 + 6)/4878)?
7
Let u(n) = 2*n**3 + n**2 - 8*n + 39. Let x be u(0). Let f = -15 + -1. Let r = x + f. What is the tens digit of r?
2
Suppose 4669 = 3*s + 5*i, 53*s + 4*i - 1568 = 52*s. What is the units digit of s?
8
Let v be 2/(-3) + 40/6. Let b(k) = k + 4*k - v*k + 11. What is the units digit of b(5)?
6
Let j(x) = x**3 + 29*x**2 + 34*x - 4. What is the hundreds digit of j(-12)?
0
Suppose 0 + 8 = 2*l, 2*l - 20 = -3*v. Let s be 18/(-12)*(2 - v). Suppose -5*m = -25, -4*w = -2*m + s*m - 21. What is the units digit of w?
4
Let q(r) = r**3 - 11*r**2 - 69*r - 53. What is the thousands digit of q(19)?
1
Suppose -3*q = -w - 46 - 30, -4*q - 5*w + 76 = 0. Suppose 29*y - q*y = 1095. What is the tens digit of y?
1
Let y(l) = -135*l + 354. What is the tens digit of y(-3)?
5
Let i = -111 - -307. What is the hundreds digit of i?
1
Let b(y) = -y + 13. Let u be b(9). Suppose 0 = -u*a + 4*p + 192, 0*a + 3*a + 2*p = 154. What is the tens digit of a?
5
Suppose 165 = 4*f - 9*f. Let n = -15 - f. What is the units digit of n?
8
Let z be ((-24)/40)/(2/(-10)). What is the tens digit of (620/30)/(2/z)?
3
Let j = 18 - 15. Let c be j + (1 - (-2 - 10)). Let r = c - 6. What is the tens digit of r?
1
Suppose -2*k - 4*i = k - 22, 22 = 5*k + 3*i. Suppose -m + 83 = 2*l - 174, k*l = -2*m + 262. What is the tens digit of l?
2
Let l(m) = m + 4 - 19 - 4*m. Suppose 30*p = -40*p - 420. What is the units digit of l(p)?
3
Suppose 2*q + 232 = 4*q + a, -4*q + a + 476 = 0. What is the units digit of q?
8
Let v(j) = j**2 - 4*j + 3. Let q be v(3). Suppose -3*h + 1197 - 399 = q. What is the units digit of h?
6
Let t(l) = l**3 - 12*l**2 - 15*l + 23. What is the units digit of t(15)?
3
Let l be -8*1/(-2) - 16. Let y = l - -74. What is the units digit of y?
2
Let 